s f a prime number?
False
Let g be 1*(-1*2217)/3. Let y = 119 + g. Is y/8*(-6)/5 a prime number?
False
Let b be 46332/48 + 2*(-9)/(-24). Is (11 - b)*(-2 + 1) composite?
True
Let y(c) = -646*c - 163. Is y(-5) prime?
True
Let y = 4125 + 1312. Is y a composite number?
False
Is ((-323)/(-19))/(1/397) prime?
False
Let l(s) = -s**3 - 3*s**2 + 9*s + 4. Let g be l(-5). Let x(y) = y**2 + 2*y**2 - 2*y**2 + y**2 + 3*y + g. Is x(-8) a prime number?
True
Let q be 1 - 0 - (-7 + 0). Let u be (-6)/(-8) - (-26)/q. Suppose 2*c - 22 = -4*n, u*c + 0*c - 74 = -2*n. Is c a composite number?
True
Let u(y) = -1098*y + 3. Let h be u(-2). Suppose 62*d = 65*d - h. Is d composite?
False
Let x(b) = 10*b**3 + 5*b**2 + 8*b + 9. Let n be x(-6). Is (-1 - 8/(-12))*n composite?
False
Let y = 16 + 1. Is 587 - (-3 - y)/(-5) a prime number?
False
Let m be 20132/(-7) - (-4)/1. Let d = 4089 + m. Is d a composite number?
False
Suppose o - 1 = 0, 2*o = -4*p + 7 + 3. Let i = -2 - p. Is (49 + -3)/(i/(-74)) a prime number?
False
Suppose 3*k - 2*n - 3 = 0, 2*n + 2 = 4*k - 2. Let j = k + 12. Let o = 32 - j. Is o a composite number?
False
Suppose 5*l - g = 3532, -1722 = -4*l - 5*g + 1121. Is l composite?
True
Suppose 0 = 3*k - w + 2*w - 34, 0 = -w + 4. Let r(h) = -21 + 6*h**2 + k*h**2 - 15*h - 86*h**3 + 87*h**3. Is r(-14) a composite number?
True
Suppose -14*a + 12*a + 54181 = j, 3*j = 5*a + 162576. Is j prime?
False
Let d(l) = -59*l**3 - 2*l**2 + l + 3. Let g be d(-2). Let b(c) = -4*c**3 + 5*c**2 + c. Let u be b(4). Let i = u + g. Is i a composite number?
False
Let w(d) = d**2 + 4*d + 6. Let p be w(-4). Let c be 9/6*(-4)/p. Let o(k) = 128*k**2 - 1. Is o(c) composite?
False
Let c be ((-76)/(-16) - 3)/(1/4). Suppose -m = 4*b - 1871, 2*m - 2320 = -5*b + c*m. Is b a composite number?
False
Let v(i) = i - 2. Let u be v(6). Suppose 11 = -u*d - 2*t - 17, 0 = 5*d - 5*t + 20. Is (-212)/(-6)*(-9)/d a prime number?
True
Let h(p) = 4*p**3 - 4*p**2 - 4*p + 9. Is h(7) a prime number?
False
Let n(y) = 180*y**2 + 36*y + 13. Is n(-16) prime?
False
Suppose 46*i = 48*i + 20. Let g(u) = 3*u**2 + 21*u - 21. Is g(i) composite?
True
Let o(i) = 48*i + 1663. Is o(-13) prime?
True
Suppose 0 = -3*a + 7*a + 11340. Let u = -1681 - a. Let q = u - 823. Is q composite?
False
Let b(w) = -8*w + 1. Suppose -3 - 17 = -4*h. Suppose -x + h*f + 8 = 0, -x - 4*f = -0*x + 28. Is b(x) composite?
False
Let q be 142*(3/6)/1. Let u = q + 156. Suppose 5*j - 2*v = 112 + u, -2*j = -v - 136. Is j a prime number?
True
Let w = -10328 + 19633. Is w a prime number?
False
Suppose -2*s + 3*y = 9, 0*y = -5*s - y + 3. Suppose -47 - 56 = -c - 4*m, s = -5*m - 10. Is c prime?
False
Let z(w) = -3846*w - 668. Is z(-7) composite?
True
Let w(i) = i**3 - 9*i**2 + 9*i + 5. Let x be w(7). Is (-10074)/x + -1 - (-1)/5 prime?
False
Let p(d) = -292*d**2 - 5*d + 13. Let u(h) = -292*h**2 - 6*h + 14. Let j(w) = -7*p(w) + 6*u(w). Is j(-2) prime?
True
Suppose 3*m = 2*n + m, 3*m - 12 = 0. Is (n - 8) + 382/2 a composite number?
True
Let f(p) be the first derivative of 5*p**6/72 + p**5/30 - p**4/24 - 4*p**3/3 + 3. Let b(l) be the third derivative of f(l). Is b(4) a prime number?
False
Let d be 2/1*140/8. Is 4193/d - (-4)/(-5) composite?
True
Let y be (1 + 101 + 0)*-2. Let w = -117 - y. Let d = w - 22. Is d a prime number?
False
Let p(u) = -u - 7. Let m be p(-7). Let c(d) = d - 18. Let i be c(m). Let z = 41 + i. Is z composite?
False
Suppose -4*t - 3*o + 34435 = 0, 12*o = t + 11*o - 8600. Is t prime?
False
Suppose -5*r + a - 3 = -0*a, 3*r + 2*a = 6. Suppose r = -3*c + 2*k + 11119, -3*k + 6*k = 3*c - 11115. Is c a prime number?
True
Suppose 2*d = 3*u + 23, 0*d + 5*u + 1 = -2*d. Let b be 7/(7/(-1055))*-1. Suppose d*w = 2*w + b. Is w a composite number?
False
Let h = 37 + -30. Suppose -3*y + h*y = 532. Is y a composite number?
True
Suppose -316 = 2*d + 622. Is (-4 + 4 + d)/(-1) a prime number?
False
Let q be 6/(24/(-50))*-2. Suppose 4*w - 33358 = 4*x + 18582, -5*x - q = 0. Is w/24 - (-1)/6 a composite number?
False
Let z(u) = -u**2 - 6*u - 13. Let r be z(-5). Is (-1306)/r*2*6 a composite number?
True
Let d = 4956 + -2783. Is d a composite number?
True
Suppose -84228 = -8*n - 31580. Is n a prime number?
True
Let p(j) = 2*j**2 + 8*j - 11. Let i be -2 + 1 + 1*-12. Is p(i) a composite number?
False
Let a = 6809 - 4038. Is a composite?
True
Let w(b) = -b**3 - 17*b**2 - 18*b - 30. Let m be w(-16). Is -3046*(1 + (-3)/m) composite?
False
Let r(i) = 28*i**3 - 6*i**2 + 10*i + 9. Is r(4) a composite number?
True
Let u(a) = 611*a - 788. Is u(39) a composite number?
False
Let w(f) = 4*f**2 - 248*f + 35. Is w(-46) a prime number?
False
Let q(f) = 201*f - 41. Is q(12) a prime number?
True
Suppose 0 = -4*b + 6*b. Suppose b = 4*g + g - 20. Suppose g*n + 34 = -3*q + 167, 3*n - 105 = -4*q. Is n prime?
True
Let d = -7831 - -13878. Is d a composite number?
False
Suppose 3*g + 5*s = 5*g - 66313, -4*g - s = -132593. Is g a prime number?
True
Let l(w) = -w**3 - w**2 - w - 257. Let u be l(0). Let n = u - -1056. Is n prime?
False
Suppose 0 = 2*p + 2*k - 552, 5*k = -p + 97 + 179. Suppose 5*j - 4*q - 365 = -3*q, 4*q + p = 4*j. Is j prime?
False
Let z = -654 + 2911. Let n = z - 942. Is n a composite number?
True
Suppose -145*b + 134*b = -249007. Is b a composite number?
False
Suppose 2*i - 4*i = 4*j - 118, -4*i + 200 = -4*j. Suppose 534 = o - 5*k - i, -2*k = 2*o - 1174. Is o a prime number?
True
Let x be (-265)/3 + (-1)/(-3). Let g be (-4)/10 - (-1 + 268/5). Let n = g - x. Is n a composite number?
True
Is ((-12)/15)/((-24)/(-60)) - -1329 a composite number?
False
Suppose 0 = 11*t - 12*t + 198. Let p = -198 - t. Let l = p - -557. Is l prime?
False
Suppose -9*j + 6*j = -5010. Suppose 194 = 3*x + 3*l - 832, -5*x + 3*l = -j. Is x a composite number?
False
Let d(y) = -y**3 + y**2 + y. Let q(v) = -5*v**3 - 3*v**2 + 16*v - 10. Let b(w) = 6*d(w) - q(w). Let s be b(6). Is s*(30/4)/5 a prime number?
False
Let i(u) = 25*u**3 - 13*u**2 + 13*u + 9. Let o(v) = 7*v**2 - 2*v - 5*v + 1 - 6 - 13*v**3. Let c(x) = 6*i(x) + 11*o(x). Is c(2) a composite number?
False
Let g(d) = -d**3 - 34*d**2 - 4*d - 22. Let s be g(-34). Suppose 0 = -115*o + s*o + 5257. Is o a prime number?
False
Let q be 3/(-1)*(-1 - 0). Suppose 6*y - 873 = -q*y. Is y composite?
False
Let b = -18 + 14. Let g be (b/12)/1*-1251. Suppose -3*c - d + 421 = -0*c, g = 3*c + 3*d. Is c prime?
False
Let y = -65720 + 158401. Is y composite?
False
Suppose z - 585 = -2*m, -2*m - 2*z - 117 = -701. Is m a composite number?
False
Let o(q) = -2*q**3 - 12*q**2 + 7*q - 7. Let z(a) = -a**3 - a**2 + a. Let g(t) = -o(t) + 3*z(t). Let c = -35 - -43. Is g(c) prime?
False
Suppose -8*c + 3*c - 3*u + 67975 = 0, -3*c + 40785 = -3*u. Is c a composite number?
True
Let g = 6061 - 2762. Is g a prime number?
True
Let u(w) be the second derivative of w**5/20 + 17*w**4/12 + w**3/2 + 4*w**2 + w. Is u(-11) prime?
True
Let t(k) = -40*k**3 + 2*k**2 + k - 7. Let n be t(3). Let f = n - -1815. Is f a composite number?
True
Let l = 45790 - 7491. Is l a prime number?
True
Suppose -4*o - 51061 = -6*o + 5*w, 5*o - 4*w - 127627 = 0. Is o prime?
True
Let y(a) be the first derivative of 52*a**2 + 5*a + 5. Is y(7) a prime number?
True
Let u(y) = 4*y - 5. Let q be u(4). Suppose -9*f - 1082 = -q*f. Is f a composite number?
False
Let c = 6126 - -3831. Is c a composite number?
True
Let t = -5429 - -26038. Is t prime?
False
Let i = 136 - 83. Suppose 2100 = 5*u - 5*k, 1311 - i = 3*u - k. Is u prime?
True
Let r(m) = 3143*m + 10. Is r(3) prime?
True
Is (-18160)/(-2) - (8 - 11)*1 prime?
False
Let y be -6*24/(-9)*4/8. Is -2 - y/(-5) - 15740/(-100) composite?
False
Let g(p) = 41*p**3 + 3*p**2 - 6*p + 1. Let l be g(2). Suppose -5*c + 9924 = i, -5*c + 10259 - l = -5*i. Is c a prime number?
False
Let k = -920 - -1387. Is k composite?
False
Let t(g) = -12*g**2 + 25*g**2 + 1 + 4*g - 10*g**2 - 69*g**3. Is t(-2) a composite number?
False
Let g = -6897 - -11098. Is g prime?
True
Let d be (9/(-6))/(-2 + 3/2). Let b = -7 - -9. Suppose d*t - 3*l = 1635, 0 = -b*t + 4*t + 4*l - 1066. Is t a prime number?
True
Suppose 5*w - 32 = 3*w. Suppose 0 = 4*m + 5*b + 96 - w, 72 = -4*m - 3*b. Is 4*10 + m/5 a composite number?
False
Let p(y) = y**2 - 3*y + 27210. Let r be p(0). Is 2*(-2)/(-6)*r/20 a composite number?
False
Let d(o) =